 q(-1). Calculate the highest common divisor of 48 and y.
48
Let a = 3039 - 3025. What is the highest common factor of a and 5138?
14
Let i(b) = -b**2 - 4*b - 1. Let p be i(-3). Suppose -p*d = -3*d + 12. Let x = d + -7. Calculate the greatest common divisor of 10 and x.
5
Suppose -5*d + 115 = -3*m + 1450, 0 = -4*m + 3*d + 1791. Calculate the highest common divisor of m and 36.
18
Suppose -2*v + 5*v = t + 1573, 2090 = 4*v - 5*t. Let f(z) = z**2 - 18*z + 51. Let i be f(19). Calculate the highest common divisor of v and i.
35
Let q(v) = v**3 + 7*v**2 + 7*v - 1. Let s be q(-5). Let g = 61 + -58. Let z = g + 1. Calculate the highest common factor of s and z.
2
Let t be (-111 + 42)/(-23) + (82/1)/2. Calculate the highest common factor of 72028 and t.
44
Suppose -67*g + 10059 - 2555 = 0. What is the greatest common factor of g and 928?
16
Suppose 103 = 2*r + 97. Suppose -r*n - 8*n + 1540 = 0. Calculate the greatest common divisor of n and 28.
28
Let i be (-3 + -1)*29/(-2). Suppose a - 154 = 716. Suppose -2*h - 8*h = -a. Calculate the greatest common factor of i and h.
29
Let s(u) = u**3 + u**2 + u + 90. Let y be s(0). Let a be (((-3320)/(-2988))/(8/(-6)))/(1/(-12)). What is the greatest common factor of y and a?
10
Let c = 357 + -258. Calculate the greatest common factor of 288 and c.
9
Suppose 24*b - 163 + 547 = 0. Let y be ((-1)/4 - 0) + (-420)/b. What is the highest common factor of 104 and y?
26
Let l(v) = -23*v**2 - v + 4. Let k be l(-3). Let d = -15246 - -15581. Let i = d + k. Calculate the greatest common divisor of i and 9.
9
Let f = 4314 - 4218. Calculate the greatest common factor of 936 and f.
24
Let z be -5 - -6 - 537/3. Let v = z + 185. Let h be 3 + (2 - (-53 + 2)). Calculate the greatest common factor of h and v.
7
Let x = 2083 - 1691. Calculate the highest common factor of x and 168.
56
Suppose -927*z + 929*z = 144. Let o = 81 - 51. Suppose -18 = -y + o. What is the highest common divisor of y and z?
24
Suppose 9*f + 825 = 5*p + 6*f, -4*p - f = -677. Suppose p = -938*n + 945*n. What is the highest common factor of n and 3?
3
Let y be (-8 + 15 - 4) + -4. Let s(z) = -29*z**3 - 4*z**2 - 2*z. Let t be s(y). What is the highest common divisor of 3 and t?
3
Suppose 92*s - 2 = 94*s. Let i be s/3 - (-649)/3. What is the greatest common divisor of 27 and i?
27
Let x(u) be the third derivative of 37*u**4/12 + 5*u**3 - 25*u**2. Let d be x(-7). Let t = d - -768. What is the greatest common divisor of 40 and t?
40
Let x = 234 + -300. Let f = x - -79. What is the greatest common factor of f and 65?
13
Let w be 38 + (-10 - 8) + 15. What is the greatest common divisor of w and 49?
7
Let j = -3984 - -4684. Calculate the highest common divisor of j and 105.
35
Suppose -4*x = 4*y - 1756, x + 2*y - 75 = 369. Let c(q) = 454*q + 16468. Let m be c(-36). What is the highest common divisor of m and x?
62
Let n = 265 + -245. Let o = n - -128. What is the highest common factor of o and 37?
37
Let y = 101825 + -100818. Let s(q) = q**3 + 7*q**2 - 8*q - 3. Let c be s(-7). What is the highest common divisor of y and c?
53
Let u be 255 + -16 + -6 + 13. What is the greatest common factor of 120 and u?
6
Suppose 0*x - 2*x = 5*i - 37, 39 = 5*i + 4*x. Suppose -9*j + 14*j = 20, -5*n = -3*j - 23. Calculate the highest common divisor of i and n.
7
Let p be (-6)/(-4) - 1978/(-92). Suppose -6*b + 589 = -p. Calculate the highest common divisor of b and 9.
3
Let m be 132/30 + -2 + 44/(-10) + 4. Calculate the greatest common divisor of m and 770.
2
Let n be 909/63 - 8/28*-2. Suppose 3*r - 185 = -y, -3*y - 19*r = -n*r - 550. What is the highest common factor of 14 and y?
14
Let w(b) = b**3 + 5*b**2 - 11*b + 13. Let u be w(5). Calculate the greatest common divisor of 128 and u.
16
Let q(y) = 4*y + 39. Let o be q(9). Let r = -52 + o. What is the greatest common factor of r and 184?
23
Let i = -5994 - -6295. Calculate the greatest common divisor of 14 and i.
7
Suppose 4*z = -44 + 132. Let d be (-3 - 393)/(-1)*11/22. Calculate the greatest common divisor of z and d.
22
Let s(m) = -1415*m + 102. Let r be s(-3). Calculate the highest common divisor of r and 63.
63
Suppose 2*x = 11*l - 16*l + 74, -4*x - 92 = -5*l. Calculate the greatest common divisor of l and 4496.
16
Let q be 2*(-50)/12*((-3 - 1200) + -15). What is the highest common divisor of q and 14?
14
Let q(n) = 3*n**2 - 3*n - 1. Let x be q(-3). Let i be 2/7 + 1390/x. Suppose -4188 + 1594 = -7*u - 2174. What is the highest common factor of i and u?
20
Let n = 4201 - 4156. What is the greatest common factor of 549 and n?
9
Let d(v) = 120*v**2 - 68*v - 426. Let r be d(-5). Calculate the greatest common factor of r and 1426.
62
Suppose 32*d - 6*d - 624 = 0. Let g(y) = 16*y + 4 + 3 - 15. Let x be g(8). What is the greatest common divisor of d and x?
24
Suppose 0 = -2*x + 281 - 179. Suppose 51120 = x*g + 20*g. Calculate the greatest common factor of g and 18.
18
Let b = -18 + 44. Let y be 3 - ((-4)/3 + (-15470)/30). Suppose 0*o = -8*o + y. What is the highest common divisor of b and o?
13
Suppose 6*h - 278444 = -26*h + 61812. What is the greatest common divisor of 62 and h?
31
Suppose -v + 14*v - 1670 - 3140 = 0. What is the greatest common factor of v and 90?
10
Let d(u) = 134*u**3 + 3*u**2 - 4*u + 2. Let k be d(2). Let s be 451/492*-6*(-4 - 0). Calculate the highest common factor of s and k.
22
Suppose 255 + 1623 = 6*n. Let g = n + -235. Calculate the greatest common divisor of g and 6.
6
Let z(a) be the second derivative of 0 - 3*a**2 - 16*a + 1/6*a**3. Let y be z(8). What is the greatest common divisor of y and 8?
2
Let d be (-6)/15 + (-62)/(-5). Let t be 689/39 - 6*(-11)/198. Calculate the greatest common divisor of d and t.
6
Let d be ((-18)/(-16))/(117/(-78)) + (-13687)/(-4). Calculate the greatest common factor of d and 11.
11
Suppose 0 = -4*m - 5*y + 37, 27*y - 15 = 24*y. Suppose 5*x = 5, -2 = w - m*w + 6*x. What is the greatest common factor of 2 and w?
2
Let t be (40*114/(-190))/(3/(-8)). Calculate the greatest common divisor of t and 5536.
32
Suppose -39*c + 9*c = 0. Suppose -18*g + 227 + 7 = c. What is the greatest common factor of g and 221?
13
Let w = -4657 + 5372. Calculate the greatest common divisor of w and 1105.
65
Suppose -3*d + i + 73 = 0, i + 0*i = 2*d - 49. Suppose 0 = -10*j - 2*j - d. Let y be (72/10)/(j*(-12)/160). What is the highest common factor of 192 and y?
48
Let t be (-2968)/(-6)*(-11 - -8). Let y be (-5)/2 + t/(-8) + 1. Calculate the highest common divisor of 138 and y.
46
Let i(u) = 1817*u - 38073. Let j be i(21). Let k(a) = -a**3 + 9*a**2 - 7*a - 1. Let o be k(7). What is the highest common divisor of j and o?
12
Let m = 293 + -269. What is the greatest common factor of 1896 and m?
24
Let j(k) = k**3 - 14*k**2 + 14*k + 42. Suppose 379 = 25*w + 4. Let f be j(w). What is the highest common divisor of 106 and f?
53
Suppose 3*m - 461 = -2*g, g - 241 = m + m. Suppose h + 4*h + g = 0. Let t = h - -50. Calculate the greatest common divisor of t and 12.
3
Let c(o) = 9*o**2 - 415*o + 42. Let j be c(50). Calculate the greatest common factor of 784 and j.
112
Let x(z) = 22 - 2*z - 27 - 22 - 7 + z**2. Let f be x(8). Let l = 18 + -4. Calculate the greatest common factor of l and f.
14
Suppose -2*d = -j + 2*j - 1, 3*d - 4 = -j. Let v = 43 - j. Let r = 22 - 10. What is the highest common divisor of r and v?
12
Let d(i) = 7*i**2 + 316*i - 120. Let n be d(-46). What is the highest common divisor of n and 286?
26
Suppose 119*z - 12 = 118*z. Suppose z*c = 4*c + 208. Let y(v) = 30*v + 2. Let t be y(6). What is the greatest common divisor of c and t?
26
Let o = 14297 - 13025. What is the highest common divisor of 6 and o?
6
Let w = 254 + 149. Suppose -6*p + 9*p - u = 407, 3*p = -u + w. What is the greatest common factor of 30 and p?
15
Suppose 0 = -4*z + 123 - 43. Let l be 13/((-520)/(-16)) + 54/(-10). Let b(k) = -23*k - 75. Let x be b(l). Calculate the highest common divisor of z and x.
20
Suppose -8*x - 736 = -176. Let y = 118 + x. Calculate the highest common factor of 240 and y.
48
Suppose 5*t - 457 + 127 = 0. Suppose 0 = 4*j - 494 - t. Calculate the highest common divisor of 28 and j.
28
Let p be 4/8*(2 - -6). Calculate the greatest common divisor of 5444 and p.
4
Let t(r) = -7*r**3 + 112*r**2 + 171. Let c be